2*l - 4 = 0. Let n be c(z). Let s(y) = 109*y**2 + 0*y**3 + 5*y**3 - 111*y**2 - y. Give s(n).
-6
Let h(v) = v**2 + 22*v + 47. Let a be h(-20). Let w be ((-1)/(-2))/(a/14)*1. Let y be (1 - (w + 0))/(-3 + 2). Let c(k) = -k - 7. Give c(y).
-7
Let i = 26 + -11. Let j = -9 - i. Let l = -16 - j. Let c(t) = -t**2 + 8*t + 6. Calculate c(l).
6
Suppose -33*t - 5987 + 6416 = 0. Let g(d) be the first derivative of d**2/2 - 17*d + 1. Determine g(t).
-4
Let b(m) = 14*m**2 - 3*m**2 - 48*m + 0*m**2 + 26*m + 26*m + m**3 + 20. Determine b(-11).
-24
Let z(o) = 6*o - 6. Let v be z(3). Suppose 4*k = v, 6*k - k = -5*p + 25. Let l(j) = -4*j**3 + 1 + 0*j + 5*j**3 - j + 2*j - j**p. What is l(0)?
1
Let q(s) be the second derivative of s**6/180 - 7*s**5/120 - s**4/8 - 43*s**3/3 - 67*s. Let r(j) be the second derivative of q(j). Determine r(6).
27
Let t(u) = -9*u - 36. Let g = 1767 + -1775. What is t(g)?
36
Let s(f) = -1 - 3*f + 3*f - f**2 - 5*f. Let t = -140 - -182. Suppose -t = -22*v - 130. What is s(v)?
3
Let y(i) be the second derivative of -i**5/4 - i**4/24 + 49*i**3 - 128*i. Let m(l) be the second derivative of y(l). What is m(-1)?
29
Suppose -263*a - 1583 = 258. Let j(i) = -7*i**2 - 14*i - 6. Let o(k) = -8*k**2 - 15*k - 6. Suppose 5*m + 25 = -5. Let l(d) = m*o(d) + 7*j(d). Give l(a).
1
Let k(m) = -4*m**2 - 3 + 3*m**2 + 0*m**2 - 6*m - 1. Suppose -4*z = 3*d + 6, 2*z = -27*d + 26*d. Determine k(d).
-4
Let g = -14 + 11. Let l(q) = 10*q**3 + 11*q**2 - 26*q + 18. Let z(t) = -3*t**3 - 4*t**2 + 7*t - 5. Let c(h) = -2*l(h) - 7*z(h). Give c(g).
17
Let m(z) = 6*z - 8. Let o be (-2 - 4)/(-3*10/20). Give m(o).
16
Suppose -p = -2*r + 18, 2*r + p - 6*p = 18. Let m(d) = -22*d + 14. Let n(b) = 5*b - 4. Let k(i) = r*n(i) + 2*m(i). Calculate k(9).
1
Let m(q) = -q**3 - q**2 - 4*q + 3*q + 1 - 5 + 1 + 4. Let i be 32/5 - (-6)/(-15). Suppose -i*g = -3*g. Give m(g).
1
Let m = -57 - -61. Suppose 0 = -5*a - 4*x - m, 5 = a + 2*x + 7. Let z(c) = 1 + 3 - 1 + a + c. What is z(-8)?
-5
Suppose 204 = 38*w - 4*w. Let l(f) = 2*f**3 - 13*f**2 + 4*f + 5. Determine l(w).
-7
Let f(p) = -p**2 - 27*p - 160. Suppose -63*h + 9 = -64*h - 5*d, 0 = 3*h + 5*d + 47. What is f(h)?
-8
Let x(d) be the second derivative of -3*d**5/5 - d**4/12 - 2*d**3/3 + 3*d**2/2 + 7777*d. What is x(2)?
-105
Let i(k) = -k**2 + 9*k - 1. Let b be (564/(-42) + 12)/(10/(-28)). Calculate i(b).
19
Suppose -9*y + 30 = -3*y. Let m(l) = 6*l - 13. Let a(i) = i. Let w(g) = y*a(g) - m(g). Determine w(12).
1
Let m(u) = -46 + 153 - 55 - 7*u - 11. Give m(8).
-15
Let y(m) = -2*m + 5. Let w(v) = v**2 + 9*v - 99. Let q be (36/(-48))/((-4)/32). Let s be w(q). Give y(s).
23
Suppose 5*b - 5*y + 10*y = 170, 0 = -y + 2. Let p = 29 - b. Let a(h) be the third derivative of h**6/120 + h**5/20 - h**4/6 - 2*h**3/3 - 12*h**2. What is a(p)?
8
Suppose 9*g - 4*g + 150 = 0. Let b = 34 + g. Let v be -4 - (-2 + (b - 2)). Let i(y) = -2*y**2 - 4*y - 2. What is i(v)?
-18
Let r(i) = -8 - 5 - i + 3*i. Suppose -891*p + 13725 - 1280 = 1598*p. What is r(p)?
-3
Let l(q) = -q**3 + 8*q**2 - 5*q - 3. Let c(z) = 4*z + 14. Let j be c(-6). Let y be 4 - (-2)/j*0. Suppose y*g - 35 + 7 = 0. Calculate l(g).
11
Suppose 0 = 2*r + 4*f + 26, 4*f = 3*r + r - 20. Let z(c) be the third derivative of -c**5/6 + c**3/6 + 3*c**2. Determine z(r).
-9
Suppose i = 4*d + 18, -9 = 3*d - 5*i + 13. Let a be 2/4 - -1259*2/4. Let n(q) = -q**2 - 6 + a*q - 635*q + 0*q**2. Give n(d).
-2
Let w(t) be the first derivative of t**4/4 + 7*t**3/3 - t**2/2 - 3*t - 301. Suppose -2*d + 3*i = 2*d + 43, -40 = 5*d - i. Determine w(d).
4
Suppose 0 = -w - 3*s + 299 - 297, -5*s = -2*w - 7. Let d(b) be the first derivative of -b + 2 + 7/3*b**3 + 0*b**2. Determine d(w).
6
Let r(f) = f**2. Let j(p) be the third derivative of p**6/120 + 3*p**5/20 - 5*p**4/12 - 4*p**3/3 - 51*p**2. Let o(g) = j(g) - 4*r(g). What is o(-6)?
16
Let r(b) = -62*b. Let i(q) = 1225*q - 35. Let w(c) = -i(c) - 20*r(c). Calculate w(-5).
-40
Let a(l) = -l**3 - 7*l**2 - 9*l + 4. Let j be a(-5). Let y(v) = 8*v**3 - 3*v**2 + 3*v + 5. Give y(j).
-9
Let p = 9 + -6. Suppose 4*j + 23 = 5*m - 0, -4*m + 6 = p*j. Let a(c) = -13*c + 9*c + 3*c + 2*c**m. Calculate a(-1).
-1
Let m be 2*(3/(-2))/(-1). Let n(q) = -8*q + 23. Calculate n(m).
-1
Let z = -2 + 3. Let q(g) = 19*g**2 + 5*g + 2. Let d(v) = 52*v**2 + 14*v + 5. Let a(i) = -3*d(i) + 8*q(i). Calculate a(z).
-5
Let t(b) = -13*b + 16 + 21 + 11825*b**3 - 11826*b**3 + 10*b**2. Determine t(9).
1
Let d = -8547 - -8547. Let i(a) be the second derivative of 5/6*a**3 - 5/2*a**2 + d - 23*a. Determine i(-4).
-25
Let t be 589/186*(-24)/(-228). Let i(q) be the first derivative of -32 - t*q**3 - 5*q - 2*q**2. Give i(-5).
-10
Suppose -17*r - 4 = 3*i - 12*r, 4*r = 3*i - 41. Let w(n) = -2*n**2 + 4*n + 9. Give w(i).
-61
Let b(a) = -5*a**2 + 110*a + 969. Let o(q) = q**2 - 22*q - 194. Let k(c) = 2*b(c) + 11*o(c). Calculate k(29).
7
Let p(t) = -7*t + 1. Let c(s) = -3*s. Let o(q) = -5*c(q) + 2*p(q). Suppose 60*w - 64*w + 16 = 4*u, -u = 2*w - 4. Determine o(u).
6
Suppose -20*c + 342 = 382. Let r(l) = -l - 10. What is r(c)?
-8
Let z(p) = -p - 5*p + p**2 + 2*p - 2*p - 7. Let k be z(7). Let d(h) = k - 4 + h - 3. Calculate d(7).
0
Let a = 7042 + -7037. Let l(h) be the first derivative of a*h + 1/4*h**4 + 28 - 3*h**3 + 4*h**2. Calculate l(8).
5
Let b(t) = -4*t - 2. Let u be ((-3)/1 + -5 + 26)/2. Suppose 29 = u*v + 83. What is b(v)?
22
Suppose -3*a - 1 = -2*w, -w = 3*w + 3*a - 29. Suppose 39*v - 38*v - w = 0. Let i(r) = r**3 - 5*r**2 - 5*r. Calculate i(v).
-25
Let b be (-18)/6 + (-32)/(-16). Let a(n) = -11*n + 3. Calculate a(b).
14
Let h(m) = -2 + 4 + 0 - m + 5. Suppose 19*y = 18*y - 4*w + 21, 0 = 4*y + 2*w - 42. Give h(y).
-2
Let j(n) be the third derivative of -n**5/60 - 11*n**4/24 + 49*n**3/6 - 14*n**2 - 27*n. What is j(-15)?
-11
Let i(u) = u**3 - 8*u**2 + 8*u - 4. Let w = -280 - -285. Let l be -5 - ((-58)/5 + (-2)/w). Give i(l).
3
Let c(t) be the first derivative of -t**3/3 - 5*t**2/2 - 4*t - 3. Suppose x = -7*m + 9*m + 303, -1507 = -5*x + 2*m. Let k = x - 304. What is c(k)?
2
Let f(o) = o**3 - 21*o**2 - 23*o + 30. Let h be f(22). Let a = 57 - 52. Let v(l) = -4*l - l - a - h*l + 15*l. Give v(-5).
-15
Let v(b) be the first derivative of -53*b**2/2 - b - 150492. Suppose 5*p + 1 = 6. Give v(p).
-54
Suppose -5*n + 68*p = 63*p - 5, -3 = n - 5*p. Let f(s) = -8*s**3 + s**2 + 2*s + 1. Calculate f(n).
-55
Let d(n) = -24*n - 15. Let q(z) = -z**2 - 11*z - 7. Let i(u) = 6*d(u) - 13*q(u). Give i(1).
13
Let j(t) be the second derivative of t**5/20 - t**4/4 - 7*t**3/3 + 3*t**2 - t + 2716. Determine j(6).
30
Let f(u) = 3*u**2 - 30*u + 74*u + 10 - 42*u - 7 + 8. What is f(-4)?
51
Let m(n) = 40 + 440*n - 429*n - 59 - n**2. Determine m(5).
11
Let p be 15*-1 - (-8)/(-104)*0. Let k be -4 + (20/4)/p*-42. Let g(n) = -4*n + 2. Give g(k).
-38
Let v = 282 + -229. Let o = v + -52. Let m(d) = -23*d**3 - d. Give m(o).
-24
Let m(l) = 9*l**3 - 4*l**2 - 5*l - 4. Let r(z) = -z**3 - z**2 - z - 1. Let u be 0/(-2) - (33 - 34). Let i(a) = u*m(a) - 4*r(a). Give i(1).
12
Let p(q) = -q**3 - 5*q**2 + q - 3. Suppose -23*f - 38 - 422 = 0. Let r be (-6 + 3 + 0)*f/(-12). Determine p(r).
-8
Let s(v) be the third derivative of v**6/120 + 7*v**5/60 - v**4/3 - 9*v**3/2 + 7531*v**2. Determine s(-7).
29
Let v(g) be the second derivative of 0*g**4 + 5/2*g**3 + 0 + 0*g**2 - 1/20*g**5 - 43*g - 1/360*g**6. Let h(d) be the second derivative of v(d). Calculate h(-5).
5
Let g(j) = -44 + 203*j + 178*j + 201*j - 611*j - 15*j**2 - j**3. Give g(-13).
-5
Suppose -2*u + 25 = 5*q + 3*u, 0 = 2*q - 2*u - 14. Suppose 2*v = -t + 14, -41 = v - q*v - 4*t. Let x(o) = v*o + 36 - 33 - o**2 + 0*o**2. Determine x(4).
7
Let v = 33 + -54. Let d = -17 - v. Let f(s) = 1 - 7*s**3 - s + 4*s**2 + 13*s**3 - s**3 - 6*s**3. Determine f(d).
-3
Let z(d) be the third derivative of -d**5/60 + 5*d**4/24 - 2*d**3/3 + d**2. Let k(u) = u**3 - 2*u + 191. Let p be k(0). Suppose p = 4*a + 175. Calculate z(a).
0
Let p be (-19*(-34)/969)/(2/(-21)). Let x(k) = -k**3 - 9*k**2 - 18*k + 5. Give x(p).
33
Let g(z) = -72*z + 29*z + 62*z**2 - 2*z**3 + 42*z + 19. Determine g(31).
-12
Let q(n) = -15*n + 103. Let a = 6715 - 6708. What is q(a)?
-2
Let x(d) be the second derivative of d**3/2 + 6*d**2 - 24*d. Let c be x(-3). Suppose -c*o - f = 0, -4*